{"id":13131,"date":"2025-08-18T12:28:42","date_gmt":"2025-08-18T11:28:42","guid":{"rendered":"https:\/\/www.antica.be\/exhibitor\/arts-daustralie-stephane-jacob\/"},"modified":"2025-09-09T11:26:22","modified_gmt":"2025-09-09T10:26:22","slug":"arts-daustralie-stephane-jacob","status":"publish","type":"exhibitor","link":"https:\/\/www.antica.be\/fr\/exhibitor\/arts-daustralie-stephane-jacob\/","title":{"rendered":"Arts d&#8217;australie &#8211; Stephane Jacob"},"content":{"rendered":"<p>\u00c9merveill\u00e9 par l&#8217;art aborig\u00e8ne lors d&#8217;un s\u00e9jour en Australie, St\u00e9phane Jacob-Langevin fonde en 1996 \u00e0 Paris, l&#8217;une des premi\u00e8res galeries d&#8217;art sp\u00e9cialis\u00e9es en art aborig\u00e8ne et art occidental australien : Arts d&#8217;Australie \u2022 St\u00e9phane Jacob. En installant son espace dans un appartement, St\u00e9phane Jacob est consid\u00e9r\u00e9 comme un pionnier. Dans un cadre intimiste, il initie les amateurs d&#8217;art \u00e0 l&#8217;art aborig\u00e8ne en organisant des soir\u00e9es de pr\u00e9sentation et tisse ainsi des relations privil\u00e9gi\u00e9es avec ses collectionneurs. En 2022, Arts d&#8217;Australie \u2022 St\u00e9phane Jacob d\u00e9cide de consolider son programme d&#8217;exposition en s&#8217;installant dans le Marais.<br \/>\n\u00a0<br \/>\nSt\u00e9phane Jacob-Langevin participe \u00e0 la reconnaissance de la culture aborig\u00e8ne. En tant qu&#8217;expert europ\u00e9en reconnu dans le domaine avec des d\u00e9cennies d&#8217;exp\u00e9rience sur le march\u00e9 de l&#8217;art, St\u00e9phane Jacob-Langevin travaille avec divers mus\u00e9es en Europe pour d\u00e9velopper leur collection d&#8217;arts aborig\u00e8nes avec des centaines de pi\u00e8ces, dont le Mus\u00e9e des Confluences \u00e0 Lyon, Les Abattoirs \u00e0 Toulouse, le Mus\u00e9e d&#8217;Ethnographie de Gen\u00e8ve en Suisse ou le Mus\u00e9e du Quai Branly \u00e0 Paris.<br \/>\n\u00a0<br \/>\nArts d&#8217;Australie \u2022 St\u00e9phane Jacob est profond\u00e9ment impliqu\u00e9 dans la d\u00e9fense de l&#8217;environnement, un combat dans le c\u0153ur des artistes insulaires du d\u00e9troit de Torres. En 2016, St\u00e9phane Jacob-Langevin est nomm\u00e9 commissaire d&#8217;une exposition permanente intitul\u00e9e \u00ab Australie : d\u00e9fendre les oc\u00e9ans au c\u0153ur de l&#8217;art aborig\u00e8ne et insulaire du d\u00e9troit de Torres \u00bb h\u00e9berg\u00e9e au Mus\u00e9e oc\u00e9anographique de Monaco ; gr\u00e2ce \u00e0 son succ\u00e8s, treize autres institutions ont invit\u00e9 l&#8217;exposition dont le si\u00e8ge de l&#8217;ONU \u00e0 New York.<br \/>\n\u00a0<br \/>\nSt\u00e9phane Jacob-Langevin est l&#8217;auteur de l&#8217;ouvrage de r\u00e9f\u00e9rence sur les arts aborig\u00e8nes aux \u00e9ditions Scala. Il publie \u00e9galement des monographies d&#8217;artistes. Pour ses services rendus aux arts aborig\u00e8nes et \u00e0 l&#8217;Australie, St\u00e9phane Jacob-Langevin a \u00e9t\u00e9 nomm\u00e9 en 2018 membre honoraire de l&#8217;Ordre d&#8217;Australie &#8211; distinction habituellement accord\u00e9e aux citoyens australiens. Il est membre de La Chambre des Experts Sp\u00e9cialis\u00e9s en Objets d&#8217;Art et de Collection (C.N.E.S) et membre du Comit\u00e9 Professionnel des Galeries d&#8217;Art.<\/p>\n","protected":false},"excerpt":{"rendered":"<p>\u00c9merveill\u00e9 par l&#8217;art aborig\u00e8ne lors d&#8217;un s\u00e9jour en Australie, St\u00e9phane Jacob-Langevin fonde en 1996 \u00e0 Paris, l&#8217;une des premi\u00e8res galeries d&#8217;art sp\u00e9cialis\u00e9es en art aborig\u00e8ne et art occidental australien : Arts d&#8217;Australie \u2022 St\u00e9phane Jacob. En installant son espace dans un appartement, St\u00e9phane Jacob est consid\u00e9r\u00e9 comme un pionnier. Dans un cadre intimiste, il initie [&hellip;]<\/p>\n","protected":false},"featured_media":15694,"template":"","meta":{"_seopress_robots_primary_cat":"","_seopress_titles_title":"","_seopress_titles_desc":"","_seopress_robots_index":"","_api_id":"217893","_stand_number":"G16","_partner_id":"1rf8q7xr0e2g6","_package_code":"00-EASY-EASYGOB2CV2","_website":"https:\/\/www.artsdaustralie.com","_email":"sj@artsdaustralie.com","_facebook":"","_linkedin":"","_twitter":"","_instagram":"","_zipcode":"75003","_town":"Paris","_video_banner":"","_floorplan_url":"","footnotes":""},"edition":[370],"country":[192],"exhibitor-category":[454,397,433],"class_list":["post-13131","exhibitor","type-exhibitor","status-publish","has-post-thumbnail","hentry","edition-antica-namur-fine-art-fair-2025","country-fr","exhibitor-category-art-aborigene-24030","exhibitor-category-arts-premiers-24032","exhibitor-category-dessins-tableaux-et-sculptures-contemporaines-24014","feature--stand-has-logo-shown"],"_logo":2208,"_cover_image":null,"_thumbnail_id":15694,"_products":[{"href":"https:\/\/www.antica.be\/fr\/wp-json\/wp\/v2\/products\/20129"},{"href":"https:\/\/www.antica.be\/fr\/wp-json\/wp\/v2\/products\/20105"},{"href":"https:\/\/www.antica.be\/fr\/wp-json\/wp\/v2\/products\/20098"},{"href":"https:\/\/www.antica.be\/fr\/wp-json\/wp\/v2\/products\/20085"},{"href":"https:\/\/www.antica.be\/fr\/wp-json\/wp\/v2\/products\/16466"},{"href":"https:\/\/www.antica.be\/fr\/wp-json\/wp\/v2\/products\/16455"},{"href":"https:\/\/www.antica.be\/fr\/wp-json\/wp\/v2\/products\/15857"},{"href":"https:\/\/www.antica.be\/fr\/wp-json\/wp\/v2\/products\/15845"},{"href":"https:\/\/www.antica.be\/fr\/wp-json\/wp\/v2\/products\/15826"},{"href":"https:\/\/www.antica.be\/fr\/wp-json\/wp\/v2\/products\/15806"},{"href":"https:\/\/www.antica.be\/fr\/wp-json\/wp\/v2\/products\/15752"},{"href":"https:\/\/www.antica.be\/fr\/wp-json\/wp\/v2\/products\/15735"},{"href":"https:\/\/www.antica.be\/fr\/wp-json\/wp\/v2\/products\/15707"}],"_news":[{"href":"https:\/\/www.antica.be\/fr\/wp-json\/wp\/v2\/news\/20068"},{"href":"https:\/\/www.antica.be\/fr\/wp-json\/wp\/v2\/news\/15693"}],"_jobs":[],"_links":{"self":[{"href":"https:\/\/www.antica.be\/fr\/wp-json\/wp\/v2\/exhibitor\/13131","targetHints":{"allow":["GET"]}}],"collection":[{"href":"https:\/\/www.antica.be\/fr\/wp-json\/wp\/v2\/exhibitor"}],"about":[{"href":"https:\/\/www.antica.be\/fr\/wp-json\/wp\/v2\/types\/exhibitor"}],"version-history":[{"count":3,"href":"https:\/\/www.antica.be\/fr\/wp-json\/wp\/v2\/exhibitor\/13131\/revisions"}],"predecessor-version":[{"id":15690,"href":"https:\/\/www.antica.be\/fr\/wp-json\/wp\/v2\/exhibitor\/13131\/revisions\/15690"}],"wp:featuredmedia":[{"embeddable":true,"href":"https:\/\/www.antica.be\/fr\/wp-json\/wp\/v2\/media\/15694"}],"wp:attachment":[{"href":"https:\/\/www.antica.be\/fr\/wp-json\/wp\/v2\/media?parent=13131"}],"wp:term":[{"taxonomy":"edition","embeddable":true,"href":"https:\/\/www.antica.be\/fr\/wp-json\/wp\/v2\/edition?post=13131"},{"taxonomy":"country","embeddable":true,"href":"https:\/\/www.antica.be\/fr\/wp-json\/wp\/v2\/country?post=13131"},{"taxonomy":"exhibitor-category","embeddable":true,"href":"https:\/\/www.antica.be\/fr\/wp-json\/wp\/v2\/exhibitor-category?post=13131"}],"curies":[{"name":"wp","href":"https:\/\/api.w.org\/{rel}","templated":true}]}}

<p>Émerveillé par l&#8217;art aborigène lors d&#8217;un séjour en Australie, Stéphane Jacob-Langevin fonde en 1996 à Paris, l&#8217;une des premières galeries d&#8217;art spécialisées en art aborigène et art occidental australien : Arts d&#8217;Australie • Stéphane Jacob. En installant son espace dans un appartement, Stéphane Jacob est considéré comme un pionnier. Dans un cadre intimiste, il initie les amateurs d&#8217;art à l&#8217;art aborigène en organisant des soirées de présentation et tisse ainsi des relations privilégiées avec ses collectionneurs. En 2022, Arts d&#8217;Australie • Stéphane Jacob décide de consolider son programme d&#8217;exposition en s&#8217;installant dans le Marais.<br />
 <br />
Stéphane Jacob-Langevin participe à la reconnaissance de la culture aborigène. En tant qu&#8217;expert européen reconnu dans le domaine avec des décennies d&#8217;expérience sur le marché de l&#8217;art, Stéphane Jacob-Langevin travaille avec divers musées en Europe pour développer leur collection d&#8217;arts aborigènes avec des centaines de pièces, dont le Musée des Confluences à Lyon, Les Abattoirs à Toulouse, le Musée d&#8217;Ethnographie de Genève en Suisse ou le Musée du Quai Branly à Paris.<br />
 <br />
Arts d&#8217;Australie • Stéphane Jacob est profondément impliqué dans la défense de l&#8217;environnement, un combat dans le cœur des artistes insulaires du détroit de Torres. En 2016, Stéphane Jacob-Langevin est nommé commissaire d&#8217;une exposition permanente intitulée « Australie : défendre les océans au cœur de l&#8217;art aborigène et insulaire du détroit de Torres » hébergée au Musée océanographique de Monaco ; grâce à son succès, treize autres institutions ont invité l&#8217;exposition dont le siège de l&#8217;ONU à New York.<br />
 <br />
Stéphane Jacob-Langevin est l&#8217;auteur de l&#8217;ouvrage de référence sur les arts aborigènes aux éditions Scala. Il publie également des monographies d&#8217;artistes. Pour ses services rendus aux arts aborigènes et à l&#8217;Australie, Stéphane Jacob-Langevin a été nommé en 2018 membre honoraire de l&#8217;Ordre d&#8217;Australie &#8211; distinction habituellement accordée aux citoyens australiens. Il est membre de La Chambre des Experts Spécialisés en Objets d&#8217;Art et de Collection (C.N.E.S) et membre du Comité Professionnel des Galeries d&#8217;Art.</p>

<p>Émerveillé par l&#8217;art aborigène lors d&#8217;un séjour en Australie, Stéphane Jacob-Langevin fonde en 1996 à Paris, l&#8217;une des premières galeries d&#8217;art spécialisées en art aborigène et art occidental australien : Arts d&#8217;Australie • Stéphane Jacob. En installant son espace dans un appartement, Stéphane Jacob est considéré comme un pionnier. Dans un cadre intimiste, il initie [&hellip;]</p>
