{"id":16466,"date":"2025-09-18T16:51:28","date_gmt":"2025-09-18T15:51:28","guid":{"rendered":"https:\/\/www.antica.be\/products\/evelyn-pultara\/"},"modified":"2025-09-18T16:51:56","modified_gmt":"2025-09-18T15:51:56","slug":"evelyn-pultara","status":"publish","type":"products","link":"https:\/\/www.antica.be\/fr\/products\/evelyn-pultara\/","title":{"rendered":"Evelyn Pultara"},"content":{"rendered":"<p>Evelyn Pultara est originaire de la communaut\u00e9 d\u2019Utopia dans le Territoire du Nord, a commenc\u00e9 la peinture en 1997. Elle s\u2019est d\u2019abord attach\u00e9e \u00e0 repr\u00e9senter les motifs plus traditionnels comme les baies de la brousse ou encore awelye. <\/p>\n<p>Aujourd\u2019hui, elle ne peint quasi-exclusivement que le \u00ab bush yam \u00bb soit l\u2019igname qui est un aliment essentiel pour les peuples du d\u00e9sert qui le consid\u00e8rent comme un \u00ab r\u00eave \u00bb.<\/p>\n<p>Comme Emily Kame, Evelyn a voulu marquer, avec cette oeuvre, sa joie de voir l\u2019abondance de nourriture. Les couleurs vives repr\u00e9sentent le printemps, symbole de renouveau. Ce paysage peut aussi se lire comme une carte du ciel, l\u2019art aborig\u00e8ne m\u00ealant volontiers les plans terrestres et c\u00e9lestes, ainsi que les diff\u00e9rents temps et lieux   dans une perspective synth\u00e9tique. Cette pratique conf\u00e8re aux oeuvres une dimension \u00e9minemment onirique et po\u00e9tique.<\/p>\n<p>Conform\u00e9ment \u00e0 la tradition picturale aborig\u00e8ne, cette \u0153uvre peut se lire aussi bien \u00e0 l\u2019horizontale qu\u2019\u00e0 la verticale.<\/p>\n","protected":false},"excerpt":{"rendered":"<p>Evelyn Pultara est originaire de la communaut\u00e9 d\u2019Utopia dans le Territoire du Nord, a commenc\u00e9 la peinture en 1997. Elle s\u2019est d\u2019abord attach\u00e9e \u00e0 repr\u00e9senter les motifs plus traditionnels comme les baies de la brousse ou encore awelye. Aujourd\u2019hui, elle ne peint quasi-exclusivement que le \u00ab bush yam \u00bb soit l\u2019igname qui est un aliment [&hellip;]<\/p>\n","protected":false},"featured_media":16472,"template":"","meta":{"_seopress_robots_primary_cat":"","_seopress_titles_title":"","_seopress_titles_desc":"","_seopress_robots_index":"","_api_id":"283639","_exhibitors":["13131"],"footnotes":""},"tags":[],"edition":[370],"product-category":[],"class_list":["post-16466","products","type-products","status-publish","has-post-thumbnail","hentry","edition-antica-namur-fine-art-fair-2025"],"_links":{"self":[{"href":"https:\/\/www.antica.be\/fr\/wp-json\/wp\/v2\/products\/16466","targetHints":{"allow":["GET"]}}],"collection":[{"href":"https:\/\/www.antica.be\/fr\/wp-json\/wp\/v2\/products"}],"about":[{"href":"https:\/\/www.antica.be\/fr\/wp-json\/wp\/v2\/types\/products"}],"version-history":[{"count":1,"href":"https:\/\/www.antica.be\/fr\/wp-json\/wp\/v2\/products\/16466\/revisions"}],"predecessor-version":[{"id":16469,"href":"https:\/\/www.antica.be\/fr\/wp-json\/wp\/v2\/products\/16466\/revisions\/16469"}],"wp:featuredmedia":[{"embeddable":true,"href":"https:\/\/www.antica.be\/fr\/wp-json\/wp\/v2\/media\/16472"}],"wp:attachment":[{"href":"https:\/\/www.antica.be\/fr\/wp-json\/wp\/v2\/media?parent=16466"}],"wp:term":[{"taxonomy":"post_tag","embeddable":true,"href":"https:\/\/www.antica.be\/fr\/wp-json\/wp\/v2\/tags?post=16466"},{"taxonomy":"edition","embeddable":true,"href":"https:\/\/www.antica.be\/fr\/wp-json\/wp\/v2\/edition?post=16466"},{"taxonomy":"product-category","embeddable":true,"href":"https:\/\/www.antica.be\/fr\/wp-json\/wp\/v2\/product-category?post=16466"}],"curies":[{"name":"wp","href":"https:\/\/api.w.org\/{rel}","templated":true}]}}

<p>Evelyn Pultara est originaire de la communauté d’Utopia dans le Territoire du Nord, a commencé la peinture en 1997. Elle s’est d’abord attachée à représenter les motifs plus traditionnels comme les baies de la brousse ou encore awelye. </p>
<p>Aujourd’hui, elle ne peint quasi-exclusivement que le « bush yam » soit l’igname qui est un aliment essentiel pour les peuples du désert qui le considèrent comme un « rêve ».</p>
<p>Comme Emily Kame, Evelyn a voulu marquer, avec cette oeuvre, sa joie de voir l’abondance de nourriture. Les couleurs vives représentent le printemps, symbole de renouveau. Ce paysage peut aussi se lire comme une carte du ciel, l’art aborigène mêlant volontiers les plans terrestres et célestes, ainsi que les différents temps et lieux   dans une perspective synthétique. Cette pratique confère aux oeuvres une dimension éminemment onirique et poétique.</p>
<p>Conformément à la tradition picturale aborigène, cette œuvre peut se lire aussi bien à l’horizontale qu’à la verticale.</p>

<p>Evelyn Pultara est originaire de la communauté d’Utopia dans le Territoire du Nord, a commencé la peinture en 1997. Elle s’est d’abord attachée à représenter les motifs plus traditionnels comme les baies de la brousse ou encore awelye. Aujourd’hui, elle ne peint quasi-exclusivement que le « bush yam » soit l’igname qui est un aliment [&hellip;]</p>
